e prime factors of 464507.
59, 7873
List the prime factors of 567730.
2, 5, 56773
List the prime factors of 2504217.
3, 23, 36293
List the prime factors of 198280.
2, 5, 4957
List the prime factors of 24736009.
1423, 17383
List the prime factors of 290872.
2, 103, 353
What are the prime factors of 15961049?
13, 29, 42337
What are the prime factors of 52293?
3, 17431
What are the prime factors of 157545?
3, 5, 389
What are the prime factors of 195651?
3, 21739
What are the prime factors of 84468?
2, 3, 7039
What are the prime factors of 82700?
2, 5, 827
List the prime factors of 909604.
2, 23, 9887
List the prime factors of 11599227.
3, 353, 1217
List the prime factors of 9883235.
5, 1976647
List the prime factors of 8911888.
2, 293, 1901
What are the prime factors of 4721851?
101, 46751
List the prime factors of 990843.
3, 7, 29, 1627
What are the prime factors of 124466?
2, 62233
List the prime factors of 15462975.
3, 5, 11, 18743
List the prime factors of 9256888.
2, 1157111
What are the prime factors of 2781549?
3, 37, 8353
What are the prime factors of 8018985?
3, 5, 13, 17, 41, 59
List the prime factors of 95007.
3, 11, 2879
What are the prime factors of 4524617?
71, 63727
What are the prime factors of 2130132?
2, 3, 177511
List the prime factors of 252940.
2, 5, 12647
List the prime factors of 943659.
3, 104851
List the prime factors of 122017.
7, 17431
List the prime factors of 149964.
2, 3, 12497
What are the prime factors of 151853?
13, 11681
List the prime factors of 219327.
3, 29, 2521
List the prime factors of 742761.
3, 82529
What are the prime factors of 3040342?
2, 19, 4211
What are the prime factors of 535554?
2, 3, 29753
What are the prime factors of 903622?
2, 47, 9613
What are the prime factors of 118141?
31, 37, 103
List the prime factors of 8879497.
11, 313, 2579
What are the prime factors of 471193?
471193
What are the prime factors of 56723?
131, 433
List the prime factors of 272104.
2, 7, 43, 113
List the prime factors of 3549529.
61, 58189
List the prime factors of 5972170.
2, 5, 37, 16141
What are the prime factors of 9651525?
3, 5, 13, 19, 521
What are the prime factors of 1884660?
2, 3, 5, 101, 311
List the prime factors of 19429262.
2, 439, 22129
What are the prime factors of 1544190?
2, 3, 5, 51473
What are the prime factors of 252087?
3, 11, 7639
List the prime factors of 116498.
2, 31, 1879
List the prime factors of 1136337.
3, 378779
List the prime factors of 186398.
2, 93199
List the prime factors of 30032694.
2, 3, 89, 2083
What are the prime factors of 29881916?
2, 7470479
List the prime factors of 2785634.
2, 1392817
List the prime factors of 1392.
2, 3, 29
What are the prime factors of 1368627?
3, 13, 19, 1847
What are the prime factors of 192231?
3, 13, 31, 53
List the prime factors of 180747.
3, 7, 19, 151
What are the prime factors of 334823?
191, 1753
What are the prime factors of 1794712?
2, 263, 853
What are the prime factors of 476162?
2, 238081
What are the prime factors of 47541?
3, 13, 23, 53
List the prime factors of 2085480.
2, 3, 5, 1931
What are the prime factors of 3532748?
2, 883187
List the prime factors of 3807547.
41, 92867
What are the prime factors of 11213?
11213
What are the prime factors of 1223735?
5, 244747
What are the prime factors of 799392?
2, 3, 11, 757
What are the prime factors of 1790404?
2, 7, 11, 5813
List the prime factors of 2679639.
3, 893213
List the prime factors of 644329.
7, 83, 1109
What are the prime factors of 155706?
2, 3, 25951
List the prime factors of 159493.
349, 457
List the prime factors of 512292.
2, 3, 11, 3881
List the prime factors of 665732.
2, 149, 1117
List the prime factors of 1245184.
2, 19
What are the prime factors of 63961?
167, 383
What are the prime factors of 3925141?
11, 356831
List the prime factors of 3265783.
181, 18043
What are the prime factors of 251774?
2, 125887
What are the prime factors of 169715?
5, 7, 13, 373
What are the prime factors of 160253?
160253
List the prime factors of 114460.
2, 5, 59, 97
What are the prime factors of 1354487?
1354487
What are the prime factors of 1141548?
2, 3, 251, 379
What are the prime factors of 596620?
2, 5, 23, 1297
List the prime factors of 2479681.
43, 57667
What are the prime factors of 14066929?
241, 58369
What are the prime factors of 6111880?
2, 5, 47, 3251
What are the prime factors of 14849864?
2, 1856233
List the prime factors of 16134096.
2, 3, 11, 30557
List the prime factors of 22909914.
2, 3, 17, 74869
What are the prime factors of 5493409?
5493409
List the prime factors of 228959.
228959
What are the prime factors of 20213855?
5, 193, 20947
What are the prime factors of 363482?
2, 7, 3709
What are the prime factors of 20781634?
2, 10390817
List the prime factors of 487799.
13, 157, 239
List the prime factors of 593950.
2, 5, 7, 1697
What are the prime factors of 8018604?
2, 3, 11, 20249
What are the prime factors of 2318654?
2, 13, 257, 347
What are the prime factors of 124994?
2, 62497
What are the prime factors of 7883623?
11, 716693
List the prime factors of 685527.
3, 228509
What are the prime factors of 75902?
2, 37951
List the prime factors of 29674831.
4447, 6673
What are the prime factors of 213641?
213641
List the prime factors of 1370273.
233, 5881
What are the prime factors of 66540?
2, 3, 5, 1109
What are the prime factors of 1184080?
2, 5, 19, 41
What are the prime factors of 791849?
791849
What are the prime factors of 3220169?
3220169
List the prime factors of 13566451.
13566451
List the prime factors of 13971878.
2, 19, 47, 7823
List the prime factors of 1967178.
2, 3, 59, 5557
What are the prime factors of 195416?
2, 13, 1879
List the prime factors of 46685.
5, 9337
What are the prime factors of 1226032?
2, 19, 37, 109
List the prime factors of 317580.
2, 3, 5, 67, 79
What are the prime factors of 7368601?
7368601
What are the prime factors of 2665890?
2, 3, 5, 19, 1559
List the prime factors of 31956292.
2, 23, 419, 829
What are the prime factors of 413228?
2, 103307
What are the prime factors of 271168?
2, 19, 223
List the prime factors of 729198.
2, 3, 17, 2383
What are the prime factors of 823296?
2, 3, 67
What are the prime factors of 23744091?
3, 7, 19, 59509
What are the prime factors of 10176517?
13, 37, 21157
What are the prime factors of 5090570?
2, 5, 47, 10831
What are the prime factors of 1798410?
2, 3, 5, 151, 397
List the prime factors of 195749.
61, 3209
List the prime factors of 100859.
11, 53, 173
What are the prime factors of 3839013?
3, 179, 2383
List the prime factors of 152470.
2, 5, 79, 193
List the prime factors of 1134855.
3, 5, 25219
What are the prime factors of 6878287?
13, 53, 67, 149
List the prime factors of 644788.
2, 331, 487
List the prime factors of 25421426.
2, 17, 31, 89, 271
List the prime factors of 108496.
2, 6781
List the prime factors of 553518.
2, 3, 7, 23, 191
What are the prime factors of 2374950?
2, 3, 5, 71, 223
What are the prime factors of 18406?
2, 9203
List the prime factors of 9566113.
9566113
What are the prime factors of 12763685?
5, 11, 17, 73
What are the prime factors of 12242455?
5, 2448491
List the prime factors of 1958426.
2, 317, 3089
List the prime factors of 655063.
19, 23, 1499
What are the prime factors of 295115?
5, 59023
List the prime factors of 1400677.
23, 60899
List the prime factors of 652687.
7, 93241
List the prime factors of 7229258.
2, 47, 76907
List the prime factors of 284164.
2, 19, 3739
List the prime factors of 781349.
61, 12809
What are the prime factors of 287029?
31, 47, 197
List the prime factors of 1083349.
1083349
List the prime factors of 715424.
2, 79, 283
List the prime factors of 4360732.
2, 97, 11239
List the prime factors of 383699.
29, 101, 131
What are the prime factors of 5808291?
3, 1936097
List the prime factors of 611573.
37, 16529
What are the prime factors of 269974?
2, 23, 5869
What are the prime factors of 413490?
2, 3, 5, 7, 11, 179
List the prime factors of 3064058.
2, 1532029
What are the prime factors of 769396?
2, 23, 8363
List the prime factors of 643956.
2, 3, 103, 521
What are the prime factors of 557145?
3, 5, 4127
List the prime factors of 839045.
5, 167809
List the prime factors of 12077464.
2, 7, 19, 11351
List the prime factors of 18157701.
3,